 -26 + b**3 + 18 + 30 + 4*b + 4*b**2 + 17*b**2. Let h be v(-15). Suppose -2*f + 936 = 2*q, 5*f - q - h - 1022 = 0. Is f prime?
True
Suppose 9*z - 96 - 39 = 0. Is -3*2/z + 138828/20 composite?
True
Let r(s) = 2*s + 26. Let i be r(-11). Suppose -13*o + i*o + 25767 = 0. Is o prime?
False
Let r(h) = 76*h**2 + h + 77. Let k be ((-90)/120)/(1/(-8)). Is r(k) a composite number?
False
Is -1*(72/(-63)*-7 + -28551 + 6) composite?
False
Let t(j) be the second derivative of 3*j**5/5 - j**4/6 + j**3/3 + j**2/2 - 9*j + 1. Is t(4) a composite number?
True
Let m(r) = -1804*r + 34 + 11477*r + 17 - 195. Is m(2) a prime number?
False
Let b = 320 + -306. Is (7/b - 1)/(2/(-63284)) a composite number?
True
Let o(k) = -2*k - 9. Let d be o(-4). Is (783 - -2)*d/(-1) a composite number?
True
Suppose -493091 = -50*m - 29*m + 240740. Is m prime?
False
Let l = 15 + -11. Suppose 4*p - 1857 = 2*w + 369, -4*w + 2244 = l*p. Suppose -p = -3*d + 3. Is d a prime number?
False
Let i(g) = -14*g**3 + g**2 + 55*g - 113. Is i(-21) composite?
True
Let u(b) = 2*b - 22. Let p be u(-7). Let w = -41 - p. Is 151 + (w - (-4 - -1)) a composite number?
False
Let b = 210 + 2099. Is b a composite number?
False
Suppose -444111 = 5*y + w - 2851552, -2*y = 3*w - 962992. Is y prime?
False
Let j(d) be the third derivative of -73*d**4/24 + 3*d**3 - d**2 - 26. Is j(-13) a composite number?
False
Let a(h) = -h**2 - 6*h + 4. Suppose -11 - 13 = 4*x. Let p be a(x). Suppose 3*w = p*w - 953. Is w composite?
False
Let u(x) = 41*x**3 + 2*x**2 - 131*x - 89. Is u(23) a prime number?
False
Let o(n) = -58*n**2 - 47*n + 130. Let u be o(16). Let s = -6849 - u. Is s composite?
True
Let a be ((-2)/(-5))/((-122)/(-30) - 4). Suppose -24 = a*i - 9*i. Suppose i*u + 717 = 9*u. Is u prime?
False
Let j(u) = 638*u - 45. Let m(a) = -606*a + 43. Let b(c) = -10*j(c) - 11*m(c). Suppose 3*z - 37 = -p, 0*p = p - 1. Is b(z) a composite number?
True
Let p(o) = 5380*o**2 + 34*o - 95. Is p(3) prime?
False
Suppose l = 4*y - 8012, 4*y = -y - l + 10006. Let j = -725 + 1662. Suppose n = y + j. Is n prime?
True
Let c = -13784 + 26592. Suppose 16*y - 24*y = -c. Is y a prime number?
True
Let m(z) be the first derivative of 2*z**3/3 + 14*z**2 + 21*z + 43. Suppose -c + 2*c + 19 = 0. Is m(c) a prime number?
True
Suppose 13 - 5 = 2*x + l, -10 = -5*x - 5*l. Is 12/2 + 25 + x prime?
True
Let l be 6 - 2 - (-12 - -1). Suppose 5*k - 5*d - l = 0, -4*k = 3*d - 4 - 8. Suppose -k*p - 4*c + 1311 = 2*p, -p + c = -255. Is p composite?
True
Is 606378/(-4)*26/(-39) a prime number?
True
Let p = -34131 - -48798. Is p composite?
True
Let p = 28 - 29. Let k(t) = 186*t**2 + 6*t + 5. Let h be k(p). Is 89 + -1 - h/37 composite?
False
Suppose 262411 = 2*v - 5*h, -83*h + 393606 = 3*v - 80*h. Is v a prime number?
True
Let k = -118 + 120. Suppose t = -5*o + 396, k*o - 4*o = 4*t - 1566. Is t a composite number?
True
Suppose 0 = -4*o, 8*o = -4*z + 10*o + 8. Suppose -5*h = -2*s + 7549, s = 4*s - z*h - 11340. Let x = s - 1345. Is x a composite number?
False
Let d(q) = -109*q**3 + 3*q**2 - 28*q + 5. Is d(-9) composite?
True
Let o(n) = -14*n**3 + 7*n**2 - 36*n - 326. Is o(-13) prime?
True
Suppose -5*g + 1992 = 2*i, -g - 25 = -27. Suppose -7400 = -0*m - 5*m. Let d = m - i. Is d a composite number?
True
Suppose 2*x + 3*n = 6*x + 34, 0 = -2*x + 2*n - 16. Is (3164/x)/(((-168)/(-60))/(-7)) a composite number?
True
Suppose 92*k - 93*k - 2*g = -47465, 4*k = 3*g + 189772. Is k a composite number?
True
Suppose -b = -n + 28871, -3*b + 22277 = 3*n - 64372. Is n prime?
False
Let j(g) be the first derivative of -g**2 + 6*g - 16. Let l be j(3). Suppose l = -36*y + 34*y + 370. Is y a prime number?
False
Suppose 11 = 3*o + 2. Suppose -10 = -o*v + 5, u - 2*v = 2425. Suppose 10*b - 15*b = -u. Is b composite?
False
Let v(i) = 11*i**2 - 135*i + 489. Is v(-42) prime?
False
Let n = -42 + 59. Suppose -n*b + 21*b + 8 = 0. Is -1563*(-2)/(4 - b) a prime number?
True
Let a = 87962 + -49615. Is a a composite number?
True
Let x(c) = 2425*c**2 + 23*c + 225. Is x(8) composite?
False
Suppose 110*f - 3515040 - 2010517 - 2468913 = 0. Is f a composite number?
True
Let x = -51935 + 73206. Is x a composite number?
True
Let a(z) be the second derivative of -5*z**3/3 - 27*z**2 + 15*z. Let r be a(-6). Is r/15 + -1 - 10064/(-40) prime?
True
Suppose 19 + 14 = 3*q. Let c(m) = -5*m + q + 28*m + 11*m**2 + 6. Is c(-9) a composite number?
False
Suppose -8*v - 21*v = 0. Suppose -17*x + 35922 + 15061 = v. Is x a composite number?
False
Suppose 0 = 28*m - 9*m + 19. Let j(o) = -12822*o**3 - 2*o - 3. Is j(m) a prime number?
True
Suppose 5*c - 352 = -22. Suppose -c*j = -35*j - 64511. Is j prime?
True
Let r be (8 - 9)/((-3)/46047). Suppose 7*t = 25048 + r. Is t prime?
False
Let q = 1601 - 502. Let t = 13 - 9. Suppose -3*f + q = t*f. Is f composite?
False
Suppose 4*t - 50239 = 1893. Is t composite?
False
Let q be (-68)/(-238) - (-1 - (-52)/(-14)). Suppose 5*v = q*a + 7605, -4*a = -a - 6. Is v prime?
True
Let u = -135 + 1780. Let v = 1054 - u. Let w = 1360 + v. Is w a prime number?
True
Suppose 0*f + 72 = 4*k - 5*f, 54 = 3*k - 3*f. Let s(p) = p**3 - 13*p**2 + 4*p + 47. Is s(k) a prime number?
False
Suppose -867552 = -37*a + 57152. Let x = 43033 - a. Is x a prime number?
True
Suppose -2*d + 26 = 4*x, 5*x + 6*d = 3*d + 34. Suppose b = -x*u + 749, 0 = 3*b - b - u - 1465. Is b composite?
True
Let o = 357 + 1151. Suppose 48*p - 52*p + o = 0. Is (p - 0/(-4)) + 4 a composite number?
True
Let n = 12360 - -108142. Suppose -6*g - 47320 = -n. Is g composite?
False
Suppose 0 = 3*j + 28 + 8. Let p be ((4/j)/1)/(1/(-9)). Suppose 0 = -p*o - 4*y + 113, 3*y - 6 = -0*y. Is o a composite number?
True
Let m = 43122 + -14659. Is m prime?
True
Let a(x) = 290*x**2 - 37*x - 155. Is a(-16) a prime number?
False
Let w(m) be the third derivative of -595*m**4/24 - m**3/2 - 26*m**2. Let v be w(11). Let h = -4642 - v. Is h a composite number?
True
Let i(n) = 325*n**3 + 6*n**2 - 22*n + 188. Is i(9) prime?
True
Suppose -6*o + 174633 = f - 867878, o - 173731 = 4*f. Is o prime?
False
Suppose 4*u + 4*z = 97200, 7*u - 48603 = 5*u - z. Is u prime?
False
Let s = 228670 + -160352. Is s a prime number?
False
Suppose 3*r = 3*z + 12036, z + 4*r = 2*r - 4012. Let d = 7349 + z. Is d a composite number?
True
Is (71/(-568))/(1/(-428024)) composite?
False
Let u(d) = 29*d**3 + d**2 + 35*d - 600. Is u(19) composite?
False
Let t(c) = 363*c**2 - 13*c + 171. Is t(16) composite?
True
Let h(o) = 21*o**3 + 3*o**2 + o + 5. Let i(p) = 41*p**3 - 7 + 2*p + 33 + 7*p**2 - 15. Let v(z) = -9*h(z) + 4*i(z). Is v(-2) composite?
True
Let i(a) = -175*a + 97. Let d be i(-25). Suppose -961 + d = n. Is n prime?
True
Let x = 17 - 15. Suppose x*s + t - 165 = 759, 2*s = 3*t + 940. Let y = s - 211. Is y a prime number?
False
Let b(p) = -3*p**2 + 2*p + 8. Let l be b(-2). Let a be (-190809)/(-135) - (l/(-10))/2. Let d = a + 4436. Is d composite?
False
Let t(s) = -s**3 + 8*s**2 - 7*s - 4. Let i be t(7). Let b be (1 + i)/((-33)/147730). Let u = -8899 + b. Is u a prime number?
False
Is (-100574*5/30)/((-45)/135) a prime number?
True
Let k(w) = -w**2 - 14*w + 1. Let i be k(-7). Suppose -13*s + i = -15. Suppose s*t = 5*c + 1555, -t - 5*c + 377 - 78 = 0. Is t prime?
False
Let z(c) = 3*c**3 + 16*c**2 - 183*c + 1013. Is z(54) composite?
False
Let f(q) = q**3 + 4*q**2 - 25*q + 4. Let s be f(10). Suppose -y - y = -s. Is y composite?
False
Let j = -155 + 9. Let w = -880 - j. Is (174/(-52) + 18/(-117))*w composite?
True
Suppose -98 = 16*g + 46. Let o(f) = 116*f**2 - 12*f + 1. Is o(g) composite?
True
Let c(x) be the first derivative of 7*x**3/3 + 13*x**2 - 44*x + 71. Is c(15) composite?
True
Let m(n) = 1217*n**3 - 13*n**2 - 2*n + 9. Is m(4) composite?
False
Let y be (-15)/(-9)*3*-9. Let u be 4/18 + (-122210)/y. Suppose -8*j = -u - 1788. Is j a composite number?
False
Let l(v) = 242*v**2 - 2*v - 3. Let r be l(-2). Suppose 0 = 5*b + 3*c - 4*c - 860, 5*b + c - 860 = 0. Suppose -q + r = b. Is q prime?
True
Let l = 893690 + -625357. Is l composite?
True
Suppose 0 = -2*f - 31 + 101. Let z = -27 + f. Is (-2*4/z - 0)*-95 a composite number?
True
Let q(x) = 11*x**2 - 6*x + 1. Let u be q(1). Let g(n) = 2*n**3 + 5*n**2 + 7*n - 23. Is g(u) prime?
True
Suppose 3*n - 3*f - 6 = -0*f, 22 = 2*n + 4*f. Suppose 3*d = -0*k - 4*k + 60